+ 0 + 1 + 5
1
What is the value of 1 + 9 + (-2 - 3)?
5
What is (1 - 3) + 2 + -2?
-2
Calculate 1 - (0 - (0 - -3)).
4
Calculate 1 + 2 - -4 - 2.
5
What is (-8 - (1 + -7)) + 1?
-1
Evaluate 7 + 3 + (5 - 7) + 0.
8
Calculate (2 + 2 - 3) + 4 - 2.
3
What is the value of (-3 - -5) + -3 + 6?
5
Calculate (-1 - 3) + 2 + -1.
-3
Evaluate (4 - (4 + 0)) + -3 + -2.
-5
3 - -1 - 0 - 7
-3
What is -8 + 2 + (-7 - -6) + 4?
-3
Evaluate 9 + (6 + 0 - 10).
5
Calculate -6 - -9 - ((-2 - 0) + 5).
0
Calculate -7 + -1 + (36 - 27).
1
Evaluate -2 - (0 - 5) - 9.
-6
-12 + (2 - -17) + 3
10
What is 2 + 2 - (-2 + 1)?
5
What is the value of 10 - (1 - 4 - -7)?
6
Calculate -4 - (-3 - -2) - (-3 - 1).
1
-9 - (-15 + 0 + 5)
1
What is -2 - (2 + 0 - (5 - 1))?
0
Calculate (7 - 7) + (2 - (7 + 1)).
-6
Evaluate -10 + (-4 - -9) - (-1 + -6).
2
Calculate (-1 + 1 - -6) + -139 + 124.
-9
What is (7 - -15 - 17) + 1 + -2?
4
What is the value of -7 + 9 + (1 - (0 - -2))?
1
Calculate -20 + 16 + (1 - (-2 - -4)).
-5
Evaluate (1 - (-3 - -6 - -2)) + 7.
3
Evaluate -5 + 14 + (-3 - 2) + -11.
-7
Evaluate 1 + (-1 - (-3 - -5)) - -6.
4
What is the value of 0 + 2 + -3 - 3?
-4
What is -1 + 3 + (2 - 7)?
-3
-3 + 3 - (-6 - -1)
5
2 - (0 - (12 + -6) - -6)
2
What is -1 - 4 - (9 - 12)?
-2
Evaluate (-2 + 1 - -6) + -2 + -1.
2
-3 + 1 + 5 + -2
1
What is (-3 + 1 - 5) + 5?
-2
(-4 - -5) + (-2 - -3)
2
What is the value of (-5 - -3) + (4 - -2) + 0?
4
Calculate 4 + (2 - (2 + 3 - 3)).
4
Calculate -26 + 29 + 1 + 0 - 4.
0
What is 0 + 15 + -7 + -2?
6
(-20 - -20) + (-7 - (1 + 0))
-8
Evaluate 0 - (-2 - (-9 - -2)).
-5
Calculate (1 - -5) + 0 - 0.
6
What is 3 - (5 + 9) - -7?
-4
Evaluate -2 + (-7 - -3) + 1.
-5
Evaluate -6 + 0 + 1 + (2 - 0).
-3
Evaluate 1 - (15 - -1 - (23 - 15)).
-7
3 + 1 + -3 + -3
-2
What is the value of -1 + (-5 + 0 - -2) + 4?
0
What is 12 + -9 - (1 + -2 + 5)?
-1
Evaluate -7 - (1 - -4 - 4) - -3.
-5
Calculate 0 + (2 - 3) + 4.
3
Evaluate 7 + -7 + 3 + -4 + 3.
2
Calculate -6 + (-10 + 6 - -7 - 2).
-5
What is (8 - 0) + -1 + -5?
2
What is (8 - 10) + -3 - -4?
-1
9 + (-6 - (-8 - -3) - 6)
2
Evaluate -1 + (-3 - (-5 - 1)).
2
What is -5 - (-2 + 1) - -6?
2
-3 + 4 - (-2 + -3 + 6)
0
Calculate -7 - (-4 - (2 + 0)) - 6.
-7
What is the value of -21 - -18 - (0 + 0)?
-3
Evaluate (5 + -9 - -9) + -1 + -6.
-2
What is the value of -5 + (6 - 5) + 0?
-4
What is -3 + (5 + (0 - 3) - 0)?
-1
-2 - (-6 - (-7 + -2)) - -4
-1
-1 + -4 + (-8 - -16 - 4)
-1
Evaluate 6 - (-3 + 4 + 0 + 2).
3
(-7 - -16) + -8 - -5
6
What is -1 + -1 + 8 + 14 + -17?
3
What is 0 + 5 + (-9 - (-5 + -2))?
3
Calculate -12 + (11 - 3) + -4 + 1.
-7
What is (12 - (-8 - -19)) + 0 + 0?
1
1 + -2 + 7 - (1 + 2)
3
-2 + 0 - (91 - 97)
4
What is the value of -14 + 3 - 5 - -12?
-4
Evaluate 4 - -2 - 2 - 2.
2
Calculate -7 + 13 + (1 - 1) + 2.
8
What is -4 - 0 - (-11 - -5)?
2
What is the value of -6 + (-7 - -13) + -7?
-7
Evaluate (4 - 1 - 2) + 5 + -2.
4
What is the value of 0 + -3 + (0 - -2) - 5?
-6
(3 - (-3 - -9) - -3) + -2
-2
What is the value of -10 - (-7 + 5 + 1 + -3)?
-6
Calculate 0 + 0 - (-2 + 0 + 4).
-2
What is the value of 3 + -7 - (-11 - (-4 + -2))?
1
What is the value of 0 - (5 + 2 + -12)?
5
Calculate 0 + -3 + 8 + (3 - 3).
5
Evaluate 2 - 0 - (-10 + 3 - -8).
1
Evaluate 5 + (7 + -15 - -6).
3
Evaluate 3 + -1 + -3 + 0.
-1
(0 + 5 - 7) + 3
1
Calculate -8 - (0 - (14 - (-1 + -4))).
11
What is -8 + 6 + 9 + -9 + 0?
-2
What is 4 - ((-1 - 1) + 5) - -3?
4
What is the value of 1 + -5 + (-1 - 5) + 10?
0
What is 1 + -6 + 7 + -1?
1
0 - (-1 - (0 + -5))
-4
-1 + -6 + -14 + 7 + 9
-5
Calculate -2 - (-4 + -1) - 0.
3
Evaluate 27 - 8 - 7 - 7.
5
Evaluate 2 + -1 + 1 + 1 + -4.
-1
Evaluate -1 - (0 - (-3 + (0 - -3))).
-1
What is (14 - 13 - (0 + -1)) + 3?
5
What is the value of -3 - ((-6 - -4) + 1 + -1)?
-1
What is the value of (-8 - -3) + (2 - 2)?
-5
Evaluate 22 + -15 - (-4 + 10 + 1).
0
Evaluate -2 + (2 - 6 - -1).
-5
Evaluate (-5 + 4 - -8) + (10 - 21).
-4
Calculate -4 + (4 + -4 - 1) - -3.
-2
Calculate (-3 + -5 - (2 - 14)) + 6.
10
-2 - 1 - (0 + -2)
-1
Evaluate -1 - -12 - (6 - -3).
2
Calculate (7 + 0 - 14) + 13.
6
Evaluate (12 - (3 - -2)) + -9.
-2
What is 0 + (5 - 5) + 3?
3
5 - (11 - (-6 + 5))
-7
Calculate -4 + -4 + -7 + 12.
-3
What is the value of (-5 - (5 - 7)) + 4?
1
Evaluate 1 - 0 - (-7 + (-1 - -7)).
2
Evaluate (0 - 2) + 13 + -6 + -2.
3
Calculate 0 - (-3 - -3) - 0.
0
What is (-111 - -106) + -2 + (5 - 0)?
-2
What is the value of 8 - 8 - 2 - -5?
3
What is the value of -1 - (-5 - -3 - 1) - 7?
-5
Calculate -2 + 0 + -2 + 1 - 2.
-5
Evaluate (1 - 6) + (-9 - -13).
-1
Calculate -4 + (2 - -2) + 2.
2
Evaluate (2 - (0 - 4)) + -4.
2
What is -4 - ((31 - 38) + -5 + -1)?
9
Evaluate 0 + 0 + 6 - 1.
5
What is -1 + (-4 - (-14 - -4))?
5
Evaluate 25 + -27 + 0 + -1.
-3
What is the value of (-30 - -28) + (1 - (3 - 0))?
-4
What is -10 + 1 + 8 + -1 + 7?
5
(0 - -1 - 3) + 5 + -3
0
What is the value of (12 - 25 - -10) + (-1 - 1)?
-5
Evaluate -3 + 0 + (5 - -4).
6
4 + -5 - (1 - 2 - -2)
-2
-3 + 3 + -6 - (-2 - -2)
-6
Evaluate (0 - (-2 + 3)) + 5 - -3.
7
Calculate 5 + (-1 - -3) + -8 + 4.
3
What is the value of 1 + 2 + -6 + 7?
4
Calculate 2 + -1 + -2 - (0 + 3).
-4
What is the value of 3 + (3 - 5 - -1) + -1?
1
Evaluate -10 + (1 - (-9 - -3)).
-3
Evaluate 7 + (-2 - -2) + -2.
5
Evaluate -2 - (2 + -1 - 6) - 0.
3
What is the value of 1 + 5 - (31 - 26)?
1
What is -5 + 3 + 2 + 1 + -3?
-2
What is the value of 0 - -8 - (19 + -13)?
2
Calculate (2 - 2) + (-4 - 1).
-5
What is 4 - (-8 + (11 - -7))?
-6
What is -3 - (1 + -9 - -3 - 0)?
2
What is the value of 5 - (1 - -4 - 6)?
6
What is -14 + 5 + 11 + -5?
-3
Evaluate 9 + -6 + 4 + -2.
5
Evaluate -9 + (-36 + 32 - (1 + -8)).
-6
Evaluate 5 - (3 - (7 + -4)).
5
Calculate (2 - (2 + -3)) + (33 - 37).
-1
What is 13 - (1 - -12) - (-1 + -6)?
7
What is the value of (3 - 4) + 10 + -8?
1
Calculate (-15 - -3) + (0 - (-8 - -4)).
-8
What is 5 + (-2 - 4 - (14 - 15))?
0
-23 + 25 + (-2 + 3 - 7)
-4
What is -4 + 1 + 4 - 2 - -3?
2
-5 + (10 - 10) + 0
-5
-6 + 9 - (2 + 2) - -3
2
Evaluate 0 + -2 - ((3 - 7) + 1).
1
Calculate 0 + (-1 - (-4 - 1 - -1)).
3
What is -48 + 46 + 0 + 1?
-1
2 - (6 - 8 - -4)
0
What is -4 + (3 - 1) + 0 - 0?
-2
What is the value of (0 - 2) + 1 + 0 + -1?
-2
Calculate 1 + -2 + 7 + -10.
-4
What is 2 + (3 - -2) - (1 + 1)?
5
Calculate -4 + (9 - 4) + 0.
1
Calculate -2 + (2 - 5) + (-1 - 0).
-6
What is the value of (2 - -6) + (3 + -5 - 1)?
5
Evaluate -5 + (5 - (-15 + 3)) + -5.
7
What is 6 + (3 - 8 - -1)?
2
Calculate (11 - 14) + 3 + 1.
1
Calculate 1 + 2 + (-17 - -15).
1
Calculate -11 + 10 + -5 - -5.
-1
Calculate 1 + -3 - -1 - (1 - -1).
-3
What is the value of -2 + -7 - (3 + -8)?
-4
What is the value of 19 + -28 + 4 + 2?
-3
Calculate 5 + (-12 + 4 - -4) + -4.
-3
-13 - (-31 + 6) - 14
-2
(-3 + -2 - -1) + 1 + 0
-3
What is 7 - (-6 + 3 + 0 + 5)?
5
3 - -1 - (-11 - (10 + -18))
7
(4 - 16) + 8 + 0 + -3
-7
What is -1 + 1 - (-3 + -1 + 2)?
2
Calculate -5 - (8 + -1 + -8).
-4
What is the value of -3 - (-3 + 2 + 3 + -6)?
1
Calculate 8 + -5 + (-4 - 3).
-4
What is (-62 - -54 - (-1 + -4)) + 0?
-3
Evaluate 1 + -4 + 14 + -9.
2
Calculate -10 - (-15 - -9 - 3).
-1
What is 0 + 3 + -7 + (-6 - -5)?
-5
Evaluate 3 - -1 - (10 + 9 + -18).
3
Calculate (-4 - 8) + -1 + (4 - -1).
-8
Evaluate 4 + -12 + 4 + 3.
-1
Evaluate -4 + 0 - (-6 + (-5 - -7)).
0
Calculate 1 - 3 - (2 - 1).
-3
What is 72 + -72 + (1 - (-4 + 0))?
5
Calculate 0 - 1 - (3 + -1) - 2.
-5
Calculate -4 + 3 + 6 + -9.
-4
What is 1 + (2 - -1) + -5?
-1
What is (-12 - -7) + (-4 - -3 - 1)?
-7
3 - 9 - (7 - 12 - -3)
-4
Calculate 1 - 6 - -4 - -4.
3
What is the value of -1 + 3 + -5 + -3 - -4?
-2
Calculate 0 + -4 + (-1 - (-5 - -5)).
-5
Evaluate (-4 + 4 - 3) + (12 - 1).
8
4 + -12 + (-6 - -16)
2
Calculate (2 + -1 - 2 - 2) + 4.
1
Evaluate 9 + 11 + 13 + -28.
5
What is -9 + 0 + (-9 - -13)?
-5
Calculate (-5 - 1) + 2 + 2.
-2
Evaluate 5 + -2 + 2 + -3 + 3.
5
Evaluate -6 - 1 - (-27 - -23) - 0.
-3
What is the value of 12 + -6 + 0 + -13?
-7
Calculate 7 + (-1 - -6) + -11.
1
Calculate -29 + (-11 - -24) - -8.
-8
What is the value of (11 + 1 - 4) + -9?
-1
Calculate -7 + 1 + (-2 - 0 - -5).
-3
0 + 0 - (-25 + 27)
-2
What is -6 - (-1 - 1) - (1 - 2)?
-3
Calculate 0 + -2 + (2 - -1).
1
Calculate (1 - 0 - 1) + 1 + -1.
0
Evaluate (2 - (2 + -4)) + -7.
-3
4 + (2 - 3) + (-4 - -1)
0
Calculate -7 - ((-2 - -1) + 2 + -4).
-4
Evaluate (-11 - -16) + (-6 - -3).
2
31